 -4*s - 6 = -3*y. Suppose -15*u + 12*u + 699 = s. What is the tens digit of u?
3
Suppose 4*z + 1 = 33. Suppose 25 = -z*w + 13*w. Let b(j) = -j**3 + 6*j**2 - 3*j + 1. What is the units digit of b(w)?
1
Let y = 94 - 92. What is the tens digit of 4697/55 - y/5?
8
Let i(r) = -5 - 3 + 0 - 3*r + 0. Let d be i(-11). Suppose -5*q = -210 + d. What is the tens digit of q?
3
Let j(b) be the third derivative of b**5/60 + 11*b**4/24 + 13*b**3/3 + 5*b**2. What is the units digit of j(-8)?
2
Suppose -3*t + 4 = 5*o - 28, -4*t + 12 = -o. Suppose 135 = 5*x - 2*h, 3*x - o*x = 3*h - 27. What is the units digit of x?
7
Suppose 0 = 3*g - 31 + 115. Let i = g - -48. Suppose -m + i = -3. What is the tens digit of m?
2
Let o be -4 + 0/(-5) - 23. What is the tens digit of (-7 - -11)/(-1 + (-28)/o)?
0
Let l = -369 + 811. What is the hundreds digit of l?
4
Let x(s) = -s**2 - 12*s + 19. Let a be x(-13). Let j = a + -6. Suppose j*t - 185 = -5*t. What is the tens digit of t?
3
Let l(z) = z**2 + 2*z - 10. Let q be l(-16). Let a = 54 + q. What is the tens digit of a?
6
Suppose -5*l - 17 + 6 = -3*u, 4*u - 4 = 4*l. Let k be u - -2*(-2 - -13). Suppose 37 = x - k. What is the tens digit of x?
5
What is the units digit of 7/((-98)/(-8)) + (-1782)/(-42)?
3
Suppose 4*o + 2*t - 440 = 0, 0 = o - t + 2*t - 108. Let p = 227 - o. Suppose 2*a - 5*r = 34, -9*r + 4*r - p = -5*a. What is the units digit of a?
7
Let u(z) = -z**2 + 8*z + 8. Let j be (0 + -1)/(10/(-20)). Suppose 0*x + 14 = j*x. What is the units digit of u(x)?
5
Let x be 8/(-44) - 534/(-33). Let f = -14 + x. Suppose -k + 21 = -2*g + 4*g, f*g + 54 = 2*k. What is the units digit of k?
5
Suppose i = -3*i + 3*n + 3907, -4*n = 3*i - 2949. What is the hundreds digit of i?
9
Let q = 19 + -15. Suppose -n = -q*n. Suppose p + c - 38 = n, 0*p - 58 = -p + 4*c. What is the tens digit of p?
4
What is the tens digit of (-56708)/(-44) + 94/517?
8
Let z(y) be the second derivative of y**3/6 - y**2/2 + 80*y. Let d = 17 - 9. What is the units digit of z(d)?
7
Suppose -d + 3*d + 32 = 0. What is the units digit of ((-45)/(-10))/((-1)/d)?
2
Let p(h) = h**3 + 19*h**2 + 12*h - 44. What is the tens digit of p(-18)?
6
Let m(g) = -16*g - 12. What is the units digit of m(-2)?
0
Let g be 10/(-25) + (-2743)/5. Let k be (-2)/12 - g/54. Let b(u) = u**3 - 10*u**2 + 2*u - 7. What is the tens digit of b(k)?
1
Let h be ((-72)/15)/(39/(-520)). Let x = 26 + h. What is the units digit of x?
0
Let y(f) = 123*f**2 + 2*f + 1. What is the tens digit of y(2)?
9
What is the units digit of (-2024)/(-77)*37 - (-4)/(-7)?
2
Suppose 0 = -2*n + 15 - 5. Suppose 2*w - x = 4 + 4, -2 = -n*w - 2*x. Suppose w*p + 5*h = 73 - 10, -2*h = -10. What is the units digit of p?
9
Let x = 1321 - 735. Suppose -38 + x = 4*q. What is the hundreds digit of q?
1
Let o = 3 - -29. What is the units digit of 9/(36/o) + 2 + -5?
5
Suppose -3*d + 3 + 0 = 0. What is the units digit of 103 - (d + -7)/(-3)?
1
Let o = 8 - -27. Suppose -4*l = -9*l + o. What is the units digit of l?
7
Suppose 0 = 4*y - 16, 490 = -4*o - 4*y - 218. Let c = 281 + o. What is the units digit of c?
0
What is the units digit of 5 - (-1 - -4 - (14 - -2185))?
1
Let l(m) = 3*m**2 - 8*m + 4. Let y be l(3). Suppose 2*f - y*f - 200 = 0. Let d = -29 - f. What is the units digit of d?
1
Let x(y) = -y**2 - 17*y - 34. Let z be x(-15). What is the units digit of (z + 2)/((-2)/184)?
4
Suppose -30*h + 12 + 48 = 0. What is the units digit of h?
2
Let h(f) = -10*f + 92. What is the units digit of h(-7)?
2
Suppose 3*y - 2*v + 21 = 0, 2 = -2*y + 5*v - 12. Let s be (y/1)/(-5 + 4). Suppose 3*x - s*x + 44 = 0. What is the units digit of x?
1
Suppose 2*p + 19 = 579. What is the tens digit of p?
8
Let t = -5 - -9. Let w = 1 - t. What is the units digit of (w - -4) + 21 + 1?
3
Let u(g) = -g**3 + 4 - 3*g**2 - 2 - 2 - 2*g + 3. Let o be u(-3). Suppose v - o = 19. What is the units digit of v?
8
Suppose -3*t + 905 = -1294. What is the hundreds digit of t?
7
Let v(p) = -p - 20. Let o be v(-26). Suppose 12*d - o*d - 948 = 0. What is the hundreds digit of d?
1
Let z(l) = 4*l + 10. Let h be z(-4). Let y(f) = -16*f + 2. Let p be y(h). Suppose 2*w + 3*s = 104 - 32, 3*w + 2*s = p. What is the units digit of w?
0
What is the units digit of 12/22 + 45252/44?
9
Suppose -600 = -r - 15*a + 17*a, 0 = 3*a - 3. What is the tens digit of r?
0
Let o(w) = -3*w**3 - 4*w**2 - 2*w + 2. Let p be (1 - (-27)/3)/2. Suppose -p*n - 14 = -2*h, n + 2*h = -h + 4. What is the tens digit of o(n)?
1
What is the tens digit of -3*2086/(-21) + -6?
9
Let z(q) = 10*q + 10. Let n(f) = 11*f + 11. Let w(u) = 4*n(u) - 5*z(u). What is the tens digit of w(-3)?
1
Let b(f) = -f**3 + 26*f**2 + 8*f - 112. What is the thousands digit of b(18)?
2
Let f(c) = -27*c + 116. What is the units digit of f(-20)?
6
Let n = 2 - 0. Suppose 0 = 2*x - y + 5 - 2, 5*x + n*y = 6. Suppose x = 4*o - 56 - 28. What is the tens digit of o?
2
Suppose 9 - 8 = -m. Let j = 12 - m. What is the tens digit of j?
1
Suppose 848 = -24*s + 32*s. What is the tens digit of s?
0
Let d be 2/6 - 1/3. Suppose -7*i + 4*i + 201 = d. What is the tens digit of i?
6
Let c(m) = -12*m - 6. Let l = 0 - 3. Let u be c(l). Suppose 3*w = 78 + u. What is the tens digit of w?
3
Let q(v) be the third derivative of v**5/12 - v**4/6 + v**3/2 + 54*v**2. Let h(t) = t**2 + 5*t - 3. Let r be h(-6). What is the units digit of q(r)?
6
Let l(u) = 2 - 5 + u + 9 + 12. Let m be l(-12). Suppose 4*p = -5*g + 13 + 27, -g - m = -2*p. What is the units digit of p?
5
Let n = -819 - -2359. What is the tens digit of n?
4
Let h(d) = -25*d + 1. Let n(x) = 100*x - 4. Let k(v) = 9*h(v) + 2*n(v). What is the tens digit of k(-2)?
5
Let p(l) = 100*l**2 + 2*l + 3. Let g be p(-1). Suppose -2*s - r = -g, 2*r - r = -3*s + 151. What is the tens digit of s?
5
Let c(l) = 57*l**2 + 11*l + 8. What is the tens digit of c(6)?
2
Let i(c) = 7*c**2 - 10*c - 16. Suppose 5*u = 2*j + 18 + 9, 3*j + 23 = 5*u. What is the hundreds digit of i(u)?
2
Suppose 2 = -2*p, 0 = 2*h - p + 1 - 2. Suppose s - 5*j - 76 = h, 3*s - s - 4*j - 158 = 0. What is the tens digit of s?
8
Suppose 4*s = 2*y - 4518, -4*y - 3*s + 486 = -8506. What is the hundreds digit of y?
2
Suppose 7238 = c + 2*c + p, 2*p + 4812 = 2*c. What is the units digit of c?
1
Let f(r) = 324*r**2 - 2*r - 3. What is the units digit of f(-1)?
3
Let b be (-15540)/(-75) - (-8)/10. Suppose -3*l + b = 6*f - 2*f, f - 4*l = 71. What is the tens digit of f?
5
Let x = 28 - -21. Suppose 0 = 4*k + 11 - 27. Suppose -k*j = -3*j - x. What is the units digit of j?
9
Suppose 3*w + 11*w = 756. What is the units digit of w?
4
Let y(q) = q**3 - 17*q**2 - 5*q + 4. Let b be y(18). Suppose -x - b = -5*n + 5, -3*n = -x - 145. What is the tens digit of n?
4
Let j = -27 + 31. Suppose j*o = -5*o + 2079. What is the tens digit of o?
3
Let f(d) = d**3 + d**2 - 6*d + 199. What is the units digit of f(0)?
9
Let b(f) = 3*f + 2. Let m(g) = -3*g - 1. Let q(l) = -6*b(l) - 7*m(l). Let o = -11 - -14. What is the units digit of q(o)?
4
Let i = 12 + 25. Let s = i - 17. Suppose 0 = -0*a + 2*a + 2*d - s, 5 = 2*a + 5*d. What is the tens digit of a?
1
Suppose -4*y + 12 = 2*a, a + 12 + 0 = 4*y. Suppose 5*i + 2*r = 559, i - 107 = -y*r + r. What is the tens digit of i?
1
Let m be (-12)/3*(1 + 0). Let q be 339*1/(-12)*m. Let j = q + -69. What is the units digit of j?
4
Let y(r) = -r**2 + 45*r - 152. What is the units digit of y(11)?
2
Let w(p) = -p**2 - 1. Let t be w(1). Let s(c) be the second derivative of -3*c**5/20 - c**4/4 + c**2/2 - 4*c. What is the tens digit of s(t)?
1
Let d(g) = -2*g + 4. Let q be d(-18). Suppose a + 4*k = q, 21 = a - k + 1. Suppose -x = a - 104. What is the tens digit of x?
8
Suppose -2*g - 48 = 4*h, 2 - 9 = h + 3*g. Let y(s) = -s - 10. Let b be y(h). Suppose -2*t + b*t = 5. What is the units digit of t?
5
Let p(o) = o**2 - 17*o - 14. Let i be p(18). Suppose i*q + 12 = 3*y - 19, -3*y - 2*q + 43 = 0. What is the tens digit of y?
1
Suppose 3*s - 3*p + 48 = 0, s - 2*p = -3*s - 62. Let a = s + 19. Suppose 0*u - a*u + 162 = 3*j, 0 = j + 2. What is the units digit of u?
2
Suppose -3*o + o = -4*b - 476, 2*o = 5*b + 480. Suppose 0*z + z - o = -5*d, 50 = d + z. What is the tens digit of d?
4
Let t = 39 + -39. Suppose 5*j + 8*b - 4*b - 122 = t, 5*j + 5*b = 125. What is the units dig